- -62. What is the highest common factor of t and 36?
12
Let h be -2 + (1 + 1 - -3). Suppose 5*j + 4*v - 169 = 0, -5*j = -h*v - v - 161. What is the highest common divisor of 363 and j?
33
Let p(q) = q**2 + 28. Suppose -x = 2*x. Let i be p(x). Calculate the greatest common factor of i and 4.
4
Let j(x) = 2*x**2 + 7*x - 3. Let r be 1/2*(2 - 24). Let q be j(r). What is the highest common divisor of q and 18?
18
Let b = -324 - -460. What is the highest common factor of 34 and b?
34
Let u(i) = 22*i**3 - 5*i**2 + 5*i - 1. Let s be u(1). What is the highest common factor of s and 3?
3
Let c = 11 - 8. Suppose -15 - 75 = -c*t. What is the highest common divisor of 15 and t?
15
Let k = 25 + -18. Suppose k*y = 6*y + 1. What is the greatest common factor of 1 and y?
1
Let f = -47 - -48. What is the greatest common factor of 1 and f?
1
Suppose 3*p + 24 = 3*b, 2*b = b + 5*p + 8. Let k(j) = -2*j - 2. Let g be k(-5). Calculate the highest common divisor of g and b.
8
Let j = 198 + -14. What is the greatest common divisor of j and 23?
23
Let d = 4 - 4. Suppose -13*x + 18*x - 60 = d. Calculate the greatest common factor of x and 6.
6
Let o(h) = -h**3 - 3*h**2 - 2*h + 1. Let t be o(-3). What is the greatest common divisor of t and 63?
7
Suppose -3*i + 0 = 3*o - 3, 3*o = -5*i - 3. Suppose 1100 = o*f + f. Calculate the greatest common factor of f and 20.
20
Let u = 0 - 0. Suppose 3*l + 4*x = 2*x + 17, 7 = 2*l - 3*x. Let c = l + u. What is the greatest common divisor of c and 55?
5
Let x = 10 - 7. Suppose -29 = x*t - 5*t - j, -2*t + 4*j + 34 = 0. Let f = -6 + 12. What is the greatest common factor of f and t?
3
Let b = 15 + -10. Let j(o) = o**2 + 5*o + 4. Let k be j(-4). Suppose q - 53 = -k*q + 2*x, 3*x + 147 = 3*q. Calculate the greatest common factor of b and q.
5
Suppose 2*a + 3*b = 34, -3*a - 2*b + 41 = -0. Let z be (-1*1 - 10)*-5. What is the greatest common factor of z and a?
11
Let b = 107 + -223. Let r = b + 220. What is the highest common divisor of 13 and r?
13
Suppose 2*l = -l + 255. Let t be -27 + 1/(3/(-6)). Let i = t - -63. Calculate the highest common factor of l and i.
17
Let d be 6/(0 + -2)*-1. Let k(w) = 6*w**2 - 3 + 4 + w**3 + 5*w + d. Let s be k(-4). What is the greatest common factor of 8 and s?
8
Suppose 0 = 2*l - 58 + 56. Suppose -j + 0*j = -29. Let c = -20 + j. What is the greatest common divisor of l and c?
1
Let l(f) = -f**2 + 5*f + 1. Let b be l(4). Calculate the greatest common factor of b and 5.
5
Let m(z) = -z**3 + 6*z**2 + 5*z - 5. Let p be m(5). Calculate the highest common divisor of p and 5.
5
Suppose 4*o - 13 = 3. Let a be (-2)/o*-2*3. Suppose -2*n - 23 = -a*h, -3*h + h - 3 = -5*n. Calculate the highest common divisor of 11 and h.
11
Let t be (0 + 1)/((-1)/(-3)). Let i(a) = a**2 - 7*a - 1. Let q be i(5). Let x = q + 14. What is the highest common factor of t and x?
3
Suppose -3*h - u = -272, -448 = -5*h - 0*u + u. What is the highest common divisor of 36 and h?
18
Let x = -10 + 12. Suppose -36 = -c - x*z - 2*z, -155 = -5*c + 5*z. What is the greatest common divisor of 4 and c?
4
Let p = 1 - -1. Suppose -n = 3*n - 72. What is the highest common divisor of p and n?
2
Suppose -3*l = -262 + 31. Suppose 5*x = -3*t + 3*x + 3, 5*t - 5*x - 5 = 0. Let k(g) = 5*g + 2. Let c be k(t). What is the greatest common factor of c and l?
7
Let g(i) = -3*i - 16. Let t be g(-7). Suppose -t*m - 85 = -2*h, 6*m = m + 15. What is the greatest common divisor of h and 10?
10
Let f = 18 + 5. Suppose 4*s = -5*t + 7, -5*s + t = -68 + f. What is the highest common divisor of 72 and s?
8
Suppose -5*r = 3*j - 10*r - 37, 0 = 2*j - 4*r - 28. Calculate the highest common divisor of 16 and j.
4
Let i(h) = -h**2 + 3*h - 1. Let c be i(4). Let q = c - -20. Let v be 175/q + 2/6. What is the greatest common factor of 30 and v?
6
Suppose -3*j + 855 = 2*j. Let l = j + -98. Let z be l/3 - (-1)/(-3). What is the greatest common factor of z and 6?
6
Let c = -46 + 68. Calculate the highest common divisor of c and 33.
11
Let p(m) = 36*m - 1. Let r be p(1). Calculate the highest common divisor of 7 and r.
7
Let b = -44 + 46. Calculate the greatest common divisor of 2 and b.
2
Suppose 0 = 3*g - 3*l - 369, 3*g + 5*l = -g + 465. What is the highest common factor of 15 and g?
15
Let c(p) = p**3 + 3*p**2 - p - 2. Let v(g) = g - 3. Suppose -2*i + 6*i = 0. Let n be v(i). Let x be c(n). Calculate the greatest common factor of 2 and x.
1
Let b be 3 + -5 + 44*1. Suppose 4*k + 1 - 39 = 2*x, -4*k + b = 2*x. Let y be (-306)/(-10) - (-9)/(-15). Calculate the highest common factor of y and k.
10
Let a be (36/(-21))/(2/(-14)). Suppose -5*w + 51 = -609. Calculate the highest common divisor of a and w.
12
Let c(u) = 5*u - 48. Let r be c(12). What is the highest common factor of r and 9?
3
Let k be (-51)/(-12) + (-3)/12. What is the greatest common factor of k and 8?
4
Let c = -123 + 246. Suppose 201 + c = 4*i. What is the greatest common factor of i and 27?
27
Let z(r) = r**2 - 6*r + 7. Let g be z(6). Suppose g - 16 = 3*i. Let a = 14 + i. Calculate the highest common factor of a and 55.
11
Suppose 28 = -2*c + 4*c - i, 2*c = 3*i + 36. Calculate the highest common factor of 12 and c.
12
Suppose -20 = -4*v, 2*x + 2*v = 3*v + 35. Calculate the highest common divisor of x and 5.
5
Suppose -2*o + 5 = 29. Let z = 24 + o. Calculate the highest common divisor of 96 and z.
12
Suppose 3*c = -9*c + 240. What is the greatest common factor of c and 60?
20
Suppose -4*a + 2*k = 0, -k + 10 = 4*a - 2. Let y(j) = 9*j + 4. Let w be y(a). What is the highest common divisor of 55 and w?
11
Suppose 0 = -f - 2*f + 12. Calculate the greatest common factor of 2 and f.
2
Let b(v) = -127*v**3 + 2*v**2 + 4*v + 1. Let n be b(-1). What is the highest common factor of n and 18?
18
Suppose -18 = -5*j - 3. Suppose j*f = 118 + 110. Calculate the highest common factor of f and 19.
19
Let q = 18 + 3. Suppose -3*v - 8 = -5*v. Suppose v*g - 29 = -1. What is the highest common divisor of g and q?
7
Let y(z) = 5*z. Let a be y(3). Let i(p) = 2*p**2 - 6*p - 6. Let q be i(6). Calculate the greatest common divisor of a and q.
15
Suppose 0 = -5*a - 8 + 58. Let y(p) = -p**3 + p**2 + 110. Let o be y(0). What is the greatest common factor of a and o?
10
Let g = -16 - -8. Let d = g + 13. Suppose -5*f = -5*u - 1 + 6, 0 = f - d. What is the highest common factor of u and 12?
6
Let z be (0 - 1)/(1/(-3)). Suppose -3*q + 0*l + 47 = 4*l, 0 = 4*l + 16. Calculate the highest common factor of q and z.
3
Let c be (-59 + 1)*(-1)/2. Let x = 3 + 0. Suppose -x*q + c = -10. Calculate the greatest common divisor of q and 117.
13
Let z be -1*(0 - (0 - 0)). Suppose 15 = -5*n - z*n. Let t be 2 + -5 + (3 - n). What is the highest common factor of t and 21?
3
Suppose -6*d + 32 = 2*d. Let m(x) = -7*x - 3. Let z be m(-5). Calculate the greatest common factor of z and d.
4
Let k be -6*(-6)/9*1. Suppose -5*b + 4*t = -278, -k*b + 206 = t + 4*t. Let x = 21 - 3. Calculate the greatest common factor of b and x.
18
Let m = 22 + -7. Suppose -4*w = 3*p - 0*w - 405, 5*w - 540 = -4*p. What is the highest common divisor of m and p?
15
Let v = 11 - -21. Suppose -x - v = -3*x. Calculate the highest common divisor of 144 and x.
16
Suppose 4*u = -4*k + 8*u + 284, 2*k + 4*u = 112. Calculate the highest common factor of k and 165.
33
Suppose -3*z + 4*f + 8 = 0, -2*z - 5*f = -z - 28. Calculate the highest common factor of 24 and z.
8
Let r = -248 - -145. Let a = 56 + r. Let i = -26 - a. Calculate the highest common factor of i and 14.
7
Let c = -55 - -60. What is the highest common divisor of 30 and c?
5
Let w = 20 - 14. Let p(g) = -3*g - 9. Let t be p(-11). What is the highest common divisor of w and t?
6
Suppose 3*c = -4*y + 100, 0 = -5*c - 0*y - 5*y + 175. What is the highest common divisor of 10 and c?
10
Let h = 15 - 8. Let u(n) = -1755*n. Let p(o) = 121*o. Let t(b) = -72*p(b) - 5*u(b). Let k be t(1). Calculate the greatest common factor of h and k.
7
Suppose 2*m = -2*m + 216. Suppose i - 24 = -0*i. Suppose -s - 3*s = -i. What is the highest common divisor of m and s?
6
Let u be 2/9 - 40*(-12)/27. What is the highest common factor of 18 and u?
18
Suppose 0 = -j - 2*k - 4, 2*k - 12 = -4*j + k. Calculate the greatest common divisor of 4 and j.
4
Let d = -4 - -12. Suppose 0 = -3*